[INFO] fetching crate hackrf-hal 0.1.0...
[INFO] checking hackrf-hal-0.1.0 against master#af3c6e733a40e671550e0f0f5aeecaa13772ba56 for pr-74989
[INFO] extracting crate hackrf-hal 0.1.0 into /workspace/builds/worker-5/source
[INFO] validating manifest of crates.io crate hackrf-hal 0.1.0 on toolchain af3c6e733a40e671550e0f0f5aeecaa13772ba56
[INFO] running `Command { std: "/workspace/cargo-home/bin/cargo" "+af3c6e733a40e671550e0f0f5aeecaa13772ba56" "read-manifest" "--manifest-path" "Cargo.toml", kill_on_drop: false }`
[INFO] started tweaking crates.io crate hackrf-hal 0.1.0
[INFO] finished tweaking crates.io crate hackrf-hal 0.1.0
[INFO] tweaked toml for crates.io crate hackrf-hal 0.1.0 written to /workspace/builds/worker-5/source/Cargo.toml
[INFO] running `Command { std: "/workspace/cargo-home/bin/cargo" "+af3c6e733a40e671550e0f0f5aeecaa13772ba56" "generate-lockfile" "--manifest-path" "Cargo.toml" "-Zno-index-update", kill_on_drop: false }`
[INFO] [stderr]     Blocking waiting for file lock on package cache
[INFO] running `Command { std: "/workspace/cargo-home/bin/cargo" "+af3c6e733a40e671550e0f0f5aeecaa13772ba56" "fetch" "--locked" "--manifest-path" "Cargo.toml", kill_on_drop: false }`
[INFO] running `Command { std: "docker" "create" "-v" "/var/lib/crater-agent-workspace/builds/worker-5/target:/opt/rustwide/target:rw,Z" "-v" "/var/lib/crater-agent-workspace/builds/worker-5/source:/opt/rustwide/workdir:ro,Z" "-v" "/var/lib/crater-agent-workspace/cargo-home:/opt/rustwide/cargo-home:ro,Z" "-v" "/var/lib/crater-agent-workspace/rustup-home:/opt/rustwide/rustup-home:ro,Z" "-e" "SOURCE_DIR=/opt/rustwide/workdir" "-e" "CARGO_TARGET_DIR=/opt/rustwide/target" "-e" "CARGO_HOME=/opt/rustwide/cargo-home" "-e" "RUSTUP_HOME=/opt/rustwide/rustup-home" "-w" "/opt/rustwide/workdir" "-m" "1610612736" "--user" "0:0" "--network" "none" "rustops/crates-build-env@sha256:d92eaeed33fa75130ca1ee6c8a01d1ffb62bac859dfdfb3450e3e5d1c0146529" "/opt/rustwide/cargo-home/bin/cargo" "+af3c6e733a40e671550e0f0f5aeecaa13772ba56" "metadata" "--no-deps" "--format-version=1", kill_on_drop: false }`
[INFO] [stdout] e8cde7be314abd8488a364e92a8a0f058cb1a7c54b520857e099fe0fd0ad848b
[INFO] [stderr] WARNING: Your kernel does not support swap limit capabilities or the cgroup is not mounted. Memory limited without swap.
[INFO] running `Command { std: "docker" "start" "-a" "e8cde7be314abd8488a364e92a8a0f058cb1a7c54b520857e099fe0fd0ad848b", kill_on_drop: false }`
[INFO] running `Command { std: "docker" "inspect" "e8cde7be314abd8488a364e92a8a0f058cb1a7c54b520857e099fe0fd0ad848b", kill_on_drop: false }`
[INFO] running `Command { std: "docker" "rm" "-f" "e8cde7be314abd8488a364e92a8a0f058cb1a7c54b520857e099fe0fd0ad848b", kill_on_drop: false }`
[INFO] [stdout] e8cde7be314abd8488a364e92a8a0f058cb1a7c54b520857e099fe0fd0ad848b
[INFO] running `Command { std: "docker" "create" "-v" "/var/lib/crater-agent-workspace/builds/worker-5/target:/opt/rustwide/target:rw,Z" "-v" "/var/lib/crater-agent-workspace/builds/worker-5/source:/opt/rustwide/workdir:ro,Z" "-v" "/var/lib/crater-agent-workspace/cargo-home:/opt/rustwide/cargo-home:ro,Z" "-v" "/var/lib/crater-agent-workspace/rustup-home:/opt/rustwide/rustup-home:ro,Z" "-e" "SOURCE_DIR=/opt/rustwide/workdir" "-e" "CARGO_TARGET_DIR=/opt/rustwide/target" "-e" "CARGO_INCREMENTAL=0" "-e" "RUST_BACKTRACE=full" "-e" "RUSTFLAGS=--cap-lints=forbid" "-e" "CARGO_HOME=/opt/rustwide/cargo-home" "-e" "RUSTUP_HOME=/opt/rustwide/rustup-home" "-w" "/opt/rustwide/workdir" "-m" "1610612736" "--user" "0:0" "--network" "none" "rustops/crates-build-env@sha256:d92eaeed33fa75130ca1ee6c8a01d1ffb62bac859dfdfb3450e3e5d1c0146529" "/opt/rustwide/cargo-home/bin/cargo" "+af3c6e733a40e671550e0f0f5aeecaa13772ba56" "check" "--frozen" "--all" "--all-targets" "--message-format=json", kill_on_drop: false }`
[INFO] [stdout] 00bf41b5c169f843b7823a862000ddf8c52a36347b80f9c8884c69c553c03c19
[INFO] [stderr] WARNING: Your kernel does not support swap limit capabilities or the cgroup is not mounted. Memory limited without swap.
[INFO] running `Command { std: "docker" "start" "-a" "00bf41b5c169f843b7823a862000ddf8c52a36347b80f9c8884c69c553c03c19", kill_on_drop: false }`
[INFO] [stderr]     Checking volatile-register v0.1.2
[INFO] [stderr]     Checking lpc43xx v0.0.0
[INFO] [stderr]     Checking hackrf-hal v0.1.0 (/opt/rustwide/workdir)
[INFO] [stdout] error[E0599]: no method named `write_word` found for struct `peripheral::gpio_port::Set` in the current scope
[INFO] [stdout]   --> src/gpio.rs:12:30
[INFO] [stdout]    |
[INFO] [stdout] 12 |         gpio_port().set[self.port].write_word(1 << self.pin);
[INFO] [stdout]    |                                    ^^^^^^^^^^ method not found in `peripheral::gpio_port::Set`
[INFO] [stdout] 
[INFO] [stdout] 
[INFO] [stdout] error[E0599]: no method named `write_word` found for struct `peripheral::gpio_port::Clr` in the current scope
[INFO] [stdout]   --> src/gpio.rs:16:30
[INFO] [stdout]    |
[INFO] [stdout] 16 |         gpio_port().clr[self.port].write_word(1 << self.pin);
[INFO] [stdout]    |                                    ^^^^^^^^^^ method not found in `peripheral::gpio_port::Clr`
[INFO] [stdout] 
[INFO] [stdout] 
[INFO] [stdout] error[E0599]: no method named `write_word` found for struct `peripheral::gpio_port::Not` in the current scope
[INFO] [stdout]   --> src/gpio.rs:20:30
[INFO] [stdout]    |
[INFO] [stdout] 20 |         gpio_port().not[self.port].write_word(1 << self.pin);
[INFO] [stdout]    |                                    ^^^^^^^^^^ method not found in `peripheral::gpio_port::Not`
[INFO] [stdout] 
[INFO] [stdout] 
[INFO] [stdout] error[E0599]: no method named `write_word` found for struct `peripheral::gpio_port::W` in the current scope
[INFO] [stdout]   --> src/gpio.rs:24:44
[INFO] [stdout]    |
[INFO] [stdout] 24 |         gpio_port().w[self.port * 32 + self.pin].write_word(value);
[INFO] [stdout]    |                                                  ^^^^^^^^^^ method not found in `peripheral::gpio_port::W`
[INFO] [stdout] 
[INFO] [stdout] 
[INFO] [stdout] error: aborting due to 4 previous errors
[INFO] [stdout] 
[INFO] [stdout] 
[INFO] [stdout] For more information about this error, try `rustc --explain E0599`.
[INFO] [stdout] 
[INFO] [stderr] error: could not compile `hackrf-hal`.
[INFO] [stderr] 
[INFO] [stderr] To learn more, run the command again with --verbose.
[INFO] [stderr] warning: build failed, waiting for other jobs to finish...
[INFO] [stdout] error[E0599]: no method named `write_word` found for struct `peripheral::gpio_port::Set` in the current scope
[INFO] [stdout]   --> src/gpio.rs:12:30
[INFO] [stdout]    |
[INFO] [stdout] 12 |         gpio_port().set[self.port].write_word(1 << self.pin);
[INFO] [stdout]    |                                    ^^^^^^^^^^ method not found in `peripheral::gpio_port::Set`
[INFO] [stdout] 
[INFO] [stdout] 
[INFO] [stdout] error[E0599]: no method named `write_word` found for struct `peripheral::gpio_port::Clr` in the current scope
[INFO] [stdout]   --> src/gpio.rs:16:30
[INFO] [stdout]    |
[INFO] [stdout] 16 |         gpio_port().clr[self.port].write_word(1 << self.pin);
[INFO] [stdout]    |                                    ^^^^^^^^^^ method not found in `peripheral::gpio_port::Clr`
[INFO] [stdout] 
[INFO] [stdout] 
[INFO] [stdout] error[E0599]: no method named `write_word` found for struct `peripheral::gpio_port::Not` in the current scope
[INFO] [stdout]   --> src/gpio.rs:20:30
[INFO] [stdout]    |
[INFO] [stdout] 20 |         gpio_port().not[self.port].write_word(1 << self.pin);
[INFO] [stdout]    |                                    ^^^^^^^^^^ method not found in `peripheral::gpio_port::Not`
[INFO] [stdout] 
[INFO] [stdout] 
[INFO] [stdout] error[E0599]: no method named `write_word` found for struct `peripheral::gpio_port::W` in the current scope
[INFO] [stdout]   --> src/gpio.rs:24:44
[INFO] [stdout]    |
[INFO] [stdout] 24 |         gpio_port().w[self.port * 32 + self.pin].write_word(value);
[INFO] [stdout]    |                                                  ^^^^^^^^^^ method not found in `peripheral::gpio_port::W`
[INFO] [stdout] 
[INFO] [stdout] 
[INFO] [stdout] error: aborting due to 4 previous errors
[INFO] [stdout] 
[INFO] [stdout] 
[INFO] [stdout] For more information about this error, try `rustc --explain E0599`.
[INFO] [stdout] 
[INFO] [stderr] error: build failed
[INFO] running `Command { std: "docker" "inspect" "00bf41b5c169f843b7823a862000ddf8c52a36347b80f9c8884c69c553c03c19", kill_on_drop: false }`
[INFO] running `Command { std: "docker" "rm" "-f" "00bf41b5c169f843b7823a862000ddf8c52a36347b80f9c8884c69c553c03c19", kill_on_drop: false }`
[INFO] [stdout] 00bf41b5c169f843b7823a862000ddf8c52a36347b80f9c8884c69c553c03c19
